me?
True
Let u(s) = s**3 - 2*s**2 - 2*s - 1. Let z = -4 + 2. Let d be 3 + -2 - 6/z. Is u(d) composite?
False
Let o(f) = -16*f - 21. Let z(v) = 8*v + 10. Let w(k) = -3*o(k) - 7*z(k). Is w(-9) composite?
True
Let w = 2 + 0. Suppose w*c = 3*c - 79. Is c composite?
False
Let f = -32 + 38. Is f a composite number?
True
Is (149/(-3))/(2/(-18)) prime?
False
Suppose 5*k + 16 = 41. Suppose -3*b - 14 = 5*i + 5, k*b - 4*i = 30. Is b prime?
True
Let v(l) = -l + 7. Let h be v(7). Is (2 - h) + 181 - -2 prime?
False
Let y = 6 - 4. Let i be (y/(-4))/(3/(-6)). Let t(m) = 307*m. Is t(i) a prime number?
True
Let c(o) = 23*o + 5. Let f be c(8). Suppose -5*q + 146 = -f. Is q composite?
False
Let d(z) = 5*z**2 - 3*z - 4. Let l be d(-5). Let m = -67 + l. Is m prime?
False
Let c = 45 + -26. Is c prime?
True
Suppose p = -2*q + 9 + 1, 10 = q - 2*p. Suppose -g = 5*v - 26, g - 10 = 5*v + q. Is g composite?
True
Suppose -5*j - 3*j + 1376 = 0. Let s(r) = -10*r**3 - 2*r**2 - r + 2. Let l be s(-3). Let z = l - j. Is z composite?
True
Let j be 3 + -1 + 2*1. Suppose j*w - 728 - 448 = 0. Suppose w - 49 = 5*f. Is f a composite number?
True
Suppose 64 = q - 195. Is q composite?
True
Let y = -34 - -6. Let m = y + 398. Suppose -5*g = -0*g - m. Is g a prime number?
False
Let k(x) = 12*x + 5. Let u(h) = -h**3 - 5*h**2 - 9*h + 14. Let s(n) = -n**3 + n**2 + 1. Let r(g) = -2*s(g) + u(g). Let f be r(8). Is k(f) prime?
True
Suppose r - 2*z + 2 = -2, 6 = -3*z. Let n(i) = -i**3 - i**2 + i + 11. Is n(r) a composite number?
True
Suppose -s - 3907 = -2*s. Is s a composite number?
False
Let u(c) be the second derivative of -1/6*c**3 + 7/4*c**4 + 0 + c + 1/2*c**2. Is u(1) a composite number?
True
Let k(z) = 2*z**2 - 13*z - 11. Is k(10) composite?
False
Is 1217 + (-6)/12*8 a prime number?
True
Suppose -73 = -4*h - s, -6*s = 5*h - 3*s - 86. Is h a prime number?
True
Is 26*(4 + (-28)/8) composite?
False
Let p(n) = -84*n + 25. Is p(-6) a prime number?
False
Suppose -409 = -5*u + 111. Suppose 0 = 3*n - n - c + 42, -u = 5*n - 2*c. Let b = n + 33. Is b a composite number?
False
Suppose -f = -3*f - 4*l + 198, 5*f - 3*l - 469 = 0. Suppose -z = 4*z - f. Is z prime?
True
Let w(z) be the third derivative of z**5/12 + 5*z**4/24 - z**3/6 - 4*z**2. Is w(-6) composite?
False
Let l = 2290 + -783. Is l composite?
True
Suppose 4*g = 3*o + 86, 3*o - 46 - 29 = -3*g. Is g a prime number?
True
Let m(q) = -3 + 1 - 3 + 3 - q. Let z be m(-5). Suppose -2*a = 4*f + 2*a - 536, -z*a + 271 = 2*f. Is f prime?
True
Let w = 12 - 7. Suppose v - 173 = -2*b, -w*v - 1 = 4. Is b composite?
True
Let k(w) = -5*w**3 + 11*w**2 + 8*w + 3. Is k(-8) composite?
False
Let h(z) = 12*z**2 + 6*z + 3. Let a be h(-4). Suppose w + 5*k - 282 = 0, -w + 91 = k - a. Is w a composite number?
False
Let h be 10/(-2*2/(-2)). Suppose -a + h = -8. Is a composite?
False
Let q = -48 + 94. Is q composite?
True
Suppose 120 - 515 = -5*y. Is y prime?
True
Let r = 23 - 17. Let n(k) = 2*k**2 - 8*k - 1. Is n(r) composite?
False
Suppose 0 = -3*b + 1985 - 245. Suppose -b = -4*f + 3*j, 6*f - 580 = 2*f - 4*j. Is f a composite number?
True
Suppose 2*r - 3*r = -2429. Is r composite?
True
Suppose -a + 6 = -n, 5*a - 2*n = -2 + 20. Suppose 0 = -3*k - k - a*v + 1164, 4*v - 16 = 0. Is k composite?
True
Let o(c) = -4*c + 1. Suppose 24 = 4*i - 7*i. Is o(i) composite?
True
Suppose 0 = 3*l - 4*l + 3. Suppose -4*c = -l*c - 157. Is c composite?
False
Suppose g - 17106 = -4*c - 3089, 2*c - 2*g = 7016. Is c a prime number?
False
Let v be (-2 - -160)*(3 - 2). Suppose -2*t + v = -0*t. Is t a prime number?
True
Let s be ((-4)/5)/(2/(-525)). Suppose 3*d - 9*d + s = 0. Is d prime?
False
Let m be 2/(-7) + 96/42. Suppose -m - 1 = -r. Suppose r*p + 171 = 5*q - p, -3*q + 3*p + 105 = 0. Is q composite?
False
Let b(k) = k**2 - 2*k + 3. Let s be b(2). Suppose -2*v = 3*u + s, 2*u + 2 = -v - 1. Suppose -v*a - 18 = -279. Is a a composite number?
True
Let q = 1029 - 291. Suppose -w + 129 = -5*r, -4*r - q = -4*w - 158. Is w prime?
True
Let d(x) = -x**3 + 2*x**2 + x - 3. Let s = -11 - -7. Let o be (s - -2)*(0 + 2). Is d(o) prime?
True
Suppose -2*d + 38 - 12 = -3*c, d = -5*c. Let n be d/14 - 4/(-14). Is 0 + 1 + 29 + n composite?
False
Suppose 15 = 5*q - 5. Suppose 234 = q*i - 178. Is i a prime number?
True
Let g be (3/9)/((-2)/(-6)). Is (1 + g)*127/2 composite?
False
Suppose 2*h + 5 = 511. Is h a composite number?
True
Let d(f) = -34*f**3 - 2*f - 1. Is d(-1) prime?
False
Let k(d) be the third derivative of -5/6*d**3 + 0*d + 1/30*d**5 + 1/3*d**4 - d**2 + 0. Is k(-6) prime?
True
Suppose -4*q = 4*b - 132, 3*b = -2*q + 2*b + 70. Is q a composite number?
False
Is (-1)/((-5)/34470) + 5 prime?
True
Is (-51)/6*(-10 + -4) prime?
False
Suppose -1 - 59 = -2*z. Let r = z - -265. Is r composite?
True
Let v(r) = -r - 1 - 3*r + 3*r. Let q be v(5). Is (37 - -2)*(-4)/q prime?
False
Let m be 3 + -2 - 162/(-2). Let l = m + -49. Let r = -23 + l. Is r a composite number?
True
Suppose -5*i = 2*i - 9527. Is i prime?
True
Let l be 2 + 3/(9/1032). Suppose -2*j + z - 4*z + l = 0, 0 = 2*z + 8. Is j a prime number?
True
Suppose -55 = -6*f + f. Let y = 21 - f. Is y a prime number?
False
Is 3*(3 + (-5)/((-45)/318)) prime?
False
Suppose -10 = -0*n - 5*n. Suppose -181 = -n*k - 43. Is k a prime number?
False
Suppose 5562 + 2897 = 11*w. Is w a composite number?
False
Suppose -2*v + 18 = -5*z, 10 = -2*z - 3*z. Suppose v*p + 95 - 10 = 3*t, -3*t - 2*p = -115. Is t prime?
False
Suppose -2 = 7*y - 6*y, -y + 1914 = 4*a. Is a a composite number?
False
Let t(k) = 3*k**2 - 6*k - 11. Suppose 6*g - g = 40. Is t(g) composite?
True
Let k be (-2)/2 - 0 - -343. Suppose 2*w - k = -w. Suppose 0 = -q - 2*q + w. Is q a composite number?
True
Let g(b) be the third derivative of 0 + 0*b + 2*b**2 + 7/4*b**4 + 5/6*b**3. Is g(6) a composite number?
False
Let m(n) = -23*n - 6. Is m(-4) a composite number?
True
Let i(g) = -37*g. Let o(l) = 36*l - 1. Let u(h) = 6*i(h) + 5*o(h). Is u(-4) a prime number?
True
Let t(n) = 3*n**2 - 55*n + 29. Is t(30) composite?
True
Suppose -5*o = 5, -o - 4*o - 25 = -5*j. Let b be (2/(-6))/((-1)/6). Is (110/4)/(b/j) a composite number?
True
Let p = -76 - -448. Let a = p + -207. Suppose 7*o - a = 2*o. Is o a composite number?
True
Suppose -5885 = -4*g - 105. Let i = -684 + g. Is i composite?
False
Let u(h) = -h + 11*h + 1 + 4*h + 5*h. Is u(3) composite?
True
Suppose 0 = 4*o - 7349 + 1753. Is o prime?
True
Suppose -15*m + 5*m + 740 = 0. Suppose 77 = -5*z - 18. Let q = z + m. Is q a composite number?
True
Let z = 2 - -2. Suppose -2*p + p = z. Is 1431/(-18)*p/6 composite?
False
Suppose 2*l + 3*l = 2525. Suppose 6*m - m = l. Suppose -2*i + j = 51 - 228, -i - 2*j = -m. Is i prime?
False
Let f = 1994 - 1200. Is f a composite number?
True
Suppose -3*p + 3*y + 87 = 0, 4*y = 3*p - 32 - 53. Is p a prime number?
True
Suppose -489 - 166 = -5*c. Is c a composite number?
False
Is (-3274)/(-6)*2*(-51)/(-34) prime?
True
Let z(m) be the first derivative of m**4/4 + 37*m - 1. Is z(0) a composite number?
False
Let i(g) = -4*g + 9 - 3*g + 1 + 4*g. Suppose 20 = -4*z + 8*b - 4*b, -2*b + 31 = -5*z. Is i(z) composite?
False
Let h(t) = -t**3 + 9*t**2 - 5*t + 6. Let l be h(6). Is (5 + -2)/1 + l composite?
True
Suppose 3*i - 2*s + 6*s - 463 = 0, 0 = -3*i - 3*s + 459. Is i composite?
False
Let h(n) = n**3 - 3*n**2 + 8*n - 13. Is h(8) a prime number?
False
Let q = 5 + -5. Suppose -3*k + 267 = -q*k. Is k composite?
False
Suppose -z - 2*z + 4*h = -284, 25 = -5*h. Let f be 1 - (-37 - 0) - -1. Let b = z - f. Is b prime?
False
Let z = -1 - -5. Suppose 203 = z*u - 241. Is u prime?
False
Let q(r) = -r**2 + 4*r - 5. Let u be q(-10). Let c = u - -250. Suppose s = -2*s + c. Is s a prime number?
False
Let x be 1/(0 + 1/2). Suppose -b = -3 - x. Let d(o) = o**3 - 4*o**2 + 6. Is d(b) a composite number?
False
Suppose -2*h - 2 = -2*c, -5*c + 0*h = h - 23. Suppose c*f + 0*f - 752 = 0. Is 6/(-4)*f/(-6) composite?
False
Let r(u) = -u**2 - 10*u + 3. Let m be r(-10). Let w = 2 + m. Suppose 159 = w*z - 2*z. Is z a composite number?
False
Is (-15)/(-90) + (-581)/(-6) prime?
True
Suppose -1239 = -2*h - g, 0 = 3*h - 4*g + 5*g - 1859. Suppose 0 = -8*n + 3*n + h. Is n - 4/(12/(-9)) a composite number?
False
Let p(h) = h**3 + h + 1. Let a be p(2). Suppose -37 = -2*d - a. Is (d + 1 + 0)